when 19641 is divided by 569?
295
Calculate the remainder when 3175 is divided by 784.
39
What is the remainder when 5003 is divided by 382?
37
Calculate the remainder when 21754 is divided by 463.
456
What is the remainder when 262634 is divided by 179?
41
What is the remainder when 3736721 is divided by 363?
362
What is the remainder when 2899 is divided by 730?
709
Calculate the remainder when 162873 is divided by 42.
39
Calculate the remainder when 99956 is divided by 621.
596
What is the remainder when 4174 is divided by 4174?
0
What is the remainder when 26170 is divided by 7?
4
Calculate the remainder when 345 is divided by 122.
101
Calculate the remainder when 3072 is divided by 360.
192
What is the remainder when 45316 is divided by 2263?
56
What is the remainder when 640 is divided by 590?
50
What is the remainder when 189571 is divided by 51?
4
What is the remainder when 1064 is divided by 279?
227
What is the remainder when 24616 is divided by 1641?
1
What is the remainder when 163965 is divided by 54653?
6
Calculate the remainder when 12923 is divided by 44.
31
Calculate the remainder when 157621 is divided by 314.
307
What is the remainder when 1256198 is divided by 628087?
24
Calculate the remainder when 29568 is divided by 9828.
84
What is the remainder when 86929 is divided by 955?
24
Calculate the remainder when 18984 is divided by 337.
112
What is the remainder when 28416 is divided by 9463?
27
Calculate the remainder when 15256 is divided by 15194.
62
What is the remainder when 3134 is divided by 1536?
62
What is the remainder when 7417 is divided by 1057?
18
Calculate the remainder when 67768 is divided by 90.
88
Calculate the remainder when 408 is divided by 310.
98
Calculate the remainder when 17859 is divided by 1984.
3
What is the remainder when 2464 is divided by 714?
322
What is the remainder when 48515 is divided by 12?
11
Calculate the remainder when 14437 is divided by 174.
169
What is the remainder when 337552 is divided by 112513?
13
Calculate the remainder when 397978 is divided by 270.
268
What is the remainder when 19356 is divided by 1074?
24
Calculate the remainder when 1615 is divided by 741.
133
What is the remainder when 15954 is divided by 398?
34
What is the remainder when 38965 is divided by 19440?
85
What is the remainder when 43963 is divided by 21966?
31
Calculate the remainder when 1890 is divided by 83.
64
Calculate the remainder when 118050 is divided by 7870.
0
Calculate the remainder when 2348 is divided by 95.
68
Calculate the remainder when 763 is divided by 380.
3
Calculate the remainder when 199935 is divided by 176.
175
Calculate the remainder when 4611 is divided by 1444.
279
Calculate the remainder when 9920 is divided by 216.
200
Calculate the remainder when 18917 is divided by 321.
299
Calculate the remainder when 33214 is divided by 117.
103
Calculate the remainder when 26909 is divided by 17.
15
Calculate the remainder when 95629 is divided by 381.
379
What is the remainder when 595965 is divided by 1817?
1806
What is the remainder when 54768 is divided by 1825?
18
Calculate the remainder when 10100 is divided by 133.
125
Calculate the remainder when 22891 is divided by 3270.
1
What is the remainder when 10575 is divided by 10563?
12
Calculate the remainder when 5071 is divided by 69.
34
What is the remainder when 22875 is divided by 84?
27
Calculate the remainder when 2895 is divided by 322.
319
What is the remainder when 1966 is divided by 71?
49
Calculate the remainder when 93760 is divided by 7211.
17
What is the remainder when 2800 is divided by 72?
64
Calculate the remainder when 3696 is divided by 16.
0
Calculate the remainder when 429658 is divided by 132.
130
Calculate the remainder when 2472 is divided by 679.
435
Calculate the remainder when 563495 is divided by 1143.
1139
What is the remainder when 310228 is divided by 113?
43
Calculate the remainder when 30879 is divided by 10279.
42
Calculate the remainder when 1083320 is divided by 851.
848
What is the remainder when 28631 is divided by 43?
36
What is the remainder when 34992 is divided by 111?
27
Calculate the remainder when 3279 is divided by 1576.
127
What is the remainder when 861 is divided by 328?
205
What is the remainder when 213406 is divided by 19?
17
What is the remainder when 1743 is divided by 293?
278
Calculate the remainder when 6600 is divided by 941.
13
What is the remainder when 345977 is divided by 423?
386
Calculate the remainder when 1551 is divided by 220.
11
Calculate the remainder when 106232 is divided by 10.
2
Calculate the remainder when 1447 is divided by 399.
250
What is the remainder when 16813 is divided by 7634?
1545
Calculate the remainder when 15821 is divided by 1750.
71
What is the remainder when 101039 is divided by 108?
59
Calculate the remainder when 25103 is divided by 1925.
78
What is the remainder when 27944 is divided by 243?
242
What is the remainder when 8086 is divided by 77?
1
Calculate the remainder when 10511 is divided by 543.
194
Calculate the remainder when 4397 is divided by 39.
29
Calculate the remainder when 35102 is divided by 88.
78
Calculate the remainder when 220913 is divided by 583.
539
Calculate the remainder when 31788 is divided by 10.
8
What is the remainder when 518887 is divided by 12972?
7
Calculate the remainder when 410706 is divided by 942.
936
Calculate the remainder when 4138 is divided by 520.
498
Calculate the remainder when 2806706 is divided by 1082.
1080
Calculate the remainder when 50227 is divided by 23.
18
What is the remainder when 7500 is divided by 1859?
64
Calculate the remainder when 229654 is divided by 115.
114
Calculate the remainder when 14283 is divided by 8.
3
Calculate the remainder when 5945 is divided by 100.
45
Calculate the remainder when 6880 is divided by 192.
160
What is the remainder when 16676 is divided by 16641?
35
What is the remainder when 460 is divided by 204?
52
Calculate the remainder when 410861 is divided by 2024.
2013
Calculate the remainder when 1588 is divided by 1236.
352
Calculate the remainder when 4966 is divided by 4781.
185
What is the remainder when 331727 is divided by 165817?
93
Calculate the remainder when 46545 is divided by 15481.
102
Calculate the remainder when 5507 is divided by 734.
369
Calculate the remainder when 15290 is divided by 64.
58
What is the remainder when 2941 is divided by 31?
27
What is the remainder when 7078 is divided by 507?
487
What is the remainder when 26382 is divided by 3293?
38
Calculate the remainder when 3315504 is divided by 59.
58
What is the remainder when 154047 is divided by 232?
231
What is the remainder when 7890 is divided by 2628?
6
Calculate the remainder when 497 is divided by 128.
113
Calculate the remainder when 4253 is divided by 46.
21
Calculate the remainder when 3089 is divided by 1028.
5
Calculate the remainder when 15004 is divided by 3734.
68
What is the remainder when 623 is divided by 307?
9
Calculate the remainder when 45035 is divided by 726.
23
What is the remainder when 81496 is divided by 220?
96
Calculate the remainder when 2874 is divided by 1396.
82
Calculate the remainder when 45560 is divided by 713.
641
What is the remainder when 12740 is divided by 2123?
2
What is the remainder when 29810 is divided by 3724?
18
What is the remainder when 1615655 is divided by 652?
651
What is the remainder when 35715 is divided by 23?
19
What is the remainder when 2583 is divided by 174?
147
What is the remainder when 19341 is divided by 3868?
1
Calculate the remainder when 5988 is divided by 97.
71
Calculate the remainder when 6478162 is divided by 1353.
1351
What is the remainder when 154014 is divided by 44?
14
Calculate the remainder when 5580 is divided by 3950.
1630
Calculate the remainder when 74611 is divided by 429.
394
Calculate the remainder when 4377 is divided by 1446.
39
What is the remainder when 12138 is divided by 846?
294
Calculate the remainder when 9512 is divided by 7.
6
Calculate the remainder when 201691 is divided by 3878.
35
Calculate the remainder when 394530 is divided by 300.
30
What is the remainder when 59355 is divided by 284?
283
Calculate the remainder when 595456 is divided by 52.
4
Calculate the remainder w